{"id":100,"date":"2014-11-11T23:49:45","date_gmt":"2014-11-11T22:49:45","guid":{"rendered":"http:\/\/skogobete.se\/?page_id=100"},"modified":"2016-06-09T14:13:35","modified_gmt":"2016-06-09T12:13:35","slug":"arsredovisning-for-2010","status":"publish","type":"page","link":"https:\/\/skogobete.se\/?page_id=100","title":{"rendered":"\u00c5rsredovisning 2010"},"content":{"rendered":"<p class=\"mellanrubrik\"><strong>Verksamhetsber\u00e4ttelse 2010:<\/strong> <a href=\"http:\/\/skogobete.se\/wp-content\/uploads\/2016\/02\/Verksamhetsber\u00e4ttelse-2010-PDF.pdf\">Verksamhetsber\u00e4ttelse 2010 PDF<\/a><\/p>\n<p class=\"mellanrubrik\"><strong><span style=\"text-decoration: underline;\">Aktiviteter under \u00e5ret 2010-01-01 \u2013 12-31<\/span><\/strong><\/p>\n<p class=\"mellanrubrik\"><strong>Ordinarie \u00c5rsm\u00f6te\/v\u00e5rm\u00f6te<\/strong><\/p>\n<p class=\"table\">Den 1 juni h\u00f6ll f\u00f6reningen ordinarie f\u00f6reningsst\u00e4mma p\u00e5 Fl\u00e4derg\u00e5rdens kaffestuga i Vinsl\u00f6v. Cirka 55 personer hade slutit upp p\u00e5 st\u00e4mman. I traditionell ordning b\u00f6rjade vi med fika. Ordf\u00f6rande Carl von Friesendorff \u00f6ppnade dagens f\u00f6rhandling och valdes likaledes att leda densamma. Till att justera dagens protokoll\u00a0 valdes Sven Eriksson, Tegelv\u00e4gen 20, Lund samt Lennart Linder-Aronson, K\u00f6penhamnsv\u00e4gen 95, Malm\u00f6.<\/p>\n<p>Val av ordf\u00f6rande och styrelseledam\u00f6ter gjordes som f\u00f6ljer:<br \/>\nTill ordf\u00f6rande f\u00f6r f\u00f6reningen valdes Carl von Friesendorff, Silv\u00e5krag\u00e5rden, 240 14 Veber\u00f6d (omval). Till ledam\u00f6ter i styrelsen valdes ; Fredrik Wachtmeister, M\u00f6llarps S\u00e4teri, 260 23 K\u00e5ger\u00f6d (omval), Lena Lannerheim, \u00d6stentorp 4446, 242 94 H\u00f6rby (omval), Roland Olsson, \u00c5kersn\u00e4sgatan 1 B, 212 36 Malm\u00f6 (nyval).<\/p>\n<p>\u00d6vriga ledam\u00f6ter i styrelsen \u00e4r: Eva Nilsson, Ekastiga, 243 93 H\u00f6\u00f6r, Kjell Nystr\u00f6m, Farhult 8272,\u00a0 242 96 H\u00f6rby, Stig Hermansson, Skogsstyrelsen Region \u00d6st, (utsedd av Skogsstyrelsen) samt Sven Fajersson, Hush\u00e5llningss\u00e4llskapet (utsedd av Hush\u00e5llningss\u00e4llskapet).<\/p>\n<hr \/>\n<p class=\"table\">Till f\u00f6rfogande st\u00e5ende hederspriser utdelades.<\/p>\n<p class=\"table\"><strong class=\"table_fet\">Pristagare av Sk\u00e5nska Dagbladets Hederspris 2010<\/strong><br \/>\n<span style=\"text-decoration: underline;\">S\u00f6der\u00e5sens Forsg\u00e5rd<\/span><br \/>\n\u00c4gare: Ulrika Stengard-Olsson, S\u00f6der\u00e5sens Forsg\u00e5rd, Kvidinge<\/p>\n<p><strong class=\"table_fet\">Pristagare av Sk\u00e5nes Skogs- och Betesv\u00e5rdsf\u00f6reningens hederspris 2010.<\/strong><br \/>\n<span style=\"text-decoration: underline;\">Ulf Petersson, Olahus, Stoby<\/span><\/p>\n<p class=\"table\">L\u00e4s motiveringarna h\u00e4r <span style=\"text-decoration: underline;\"><a title=\"Hederspriser 2010\" href=\"http:\/\/skogobete.se\/?page_id=71\">&gt;&gt;&gt;&gt;<\/a><\/span><a href=\"..\/hederspriser\/hederspriser.html\"><br \/>\n<\/a><br \/>\n\u00c5rsm\u00f6te samt utdelning av hederspriser ingick som en del i dagens \u00f6vriga program.<\/p>\n<p class=\"table\">Sk\u00e5nes Skogs- och Betesv\u00e5rdsf\u00f6rening arbetar som namnet visar s\u00e5v\u00e4l med skogs- som betesfr\u00e5gor. Dagens tema var \u201dVildsvinsskador i skog och p\u00e5 bete!\u201d. Roger Bergstr\u00f6m, Skogforsk hade som tema <em>\u201dVildsvinsskador i skogen\u201d<\/em> Han forskar kring fr\u00e5gor om vildsvin. F\u00f6redraget visar att skadorna i skogsmark har en begr\u00e4nsad utbredning. Ola Svensson, L\u00e4nsstyrelsen har som tema <em>\u201dVildsvinsskador p\u00e5 betesmarker\u201d<\/em>. Bilden av vildsvinens framfart p\u00e5 betesmarken skiljer sig v\u00e4sentligt fr\u00e5n motsvarande p\u00e5 skogsmark. Per Ola Andersson, Sjunkar\u00f6d ber\u00e4ttade om<em>\u201dVildsvin i h\u00e4gn och i slakt\u201d.<\/em> Sk\u00e5nes Skogs- och Betesv\u00e5rdsf\u00f6reningen framf\u00f6r ett varmt tack till ber\u00f6rda f\u00f6redragsh\u00e5llare.<\/p>\n<p class=\"mellanrubrik\">H\u00f6stm\u00f6te<\/p>\n<p class=\"table\">M\u00e5ndagen den 22 november h\u00f6ll f\u00f6reningen m\u00f6te p\u00e5 Sj\u00f6bo G\u00e4stis. Dagens tema var: <em>\u201dH\u00e4gna ut och h\u00e4gna in\u201d.<\/em><br \/>\nStig Hermansson, Skogsstyrelsens distriktschef i Sk\u00e5ne informerade bl.a. om <em>\u201dNya m\u00f6jligheter till st\u00f6d f\u00f6r h\u00e4gnader\u201d. <\/em>Jonas Bergqvist, Skog Syd, Skogsstyrelsen ber\u00e4ttade om <em>\u201dErfarenheter av skogsh\u00e4gn\u201d.<\/em> Vi konstaterar bl.a. att det r\u00e5der olika f\u00f6ruts\u00e4ttningar mellan olika omr\u00e5den. Vilttrycket och fodertillg\u00e5ngen har stor betydelse. Vissa djur \u00e4r l\u00e4ttare att h\u00e4gna ut, medan andra, s\u00e5som \u00e4lg och kronhjort \u00e4r sv\u00e5ra. H\u00f6jden p\u00e5 h\u00e4gnaden har viss betydelse. Pernilla Folkesson, Hush\u00e5llningss\u00e4llskapet ber\u00e4ttade om <em>\u201dH\u00e4gn p\u00e5 bete och \u00e5ker\u201d.<\/em><br \/>\nEfter en v\u00e4lsmakande lunch p\u00e5 Sj\u00f6bo G\u00e4stis \u00e5kte vi vidare f\u00f6r eftermiddagens \u00f6vningar. Ola Helmersson, F\u00e4rs Farmatj\u00e4nst visade p\u00e5 olika h\u00e4gn i trakten runt Snogeholm. Vidare studerade vi \u00e4ven h\u00e4gn p\u00e5 Malm\u00f6 kommuns marker i Vomb under ledning av Mikael Lang.<br \/>\nSk\u00e5nes Skogs- och betesv\u00e5rdsf\u00f6rening framf\u00f6r ett varmt tack till f\u00f6redragsh\u00e5llare och v\u00e4rdar f\u00f6r dagen.<\/p>\n<p class=\"mellanrubrik\">Styrelsem\u00f6ten<\/p>\n<p class=\"table\">Styrelsen har under \u00e5ret haft 3 m\u00f6ten. Den 12 januari p\u00e5 Skogsstyrelsens Distriktskontor i H\u00f6\u00f6r. Den 1 juni p\u00e5 Fl\u00e4derg\u00e5rdens kaffestuga i Vinsl\u00f6v, styrelsem\u00f6te och konstituerande m\u00f6te samt den 17 augusti p\u00e5 Skogsstyrelsens Distriktskontor i H\u00f6\u00f6r. Antalet medlemmar har under \u00e5ret varit 188 betalande.<\/p>\n<p class=\"table_fet\">\u00c4ndring av stadgar har skett under 2010 enligt f\u00f6ljande:<\/p>\n<p class=\"table\"><em>Kursiv stil utg\u00e5r\u00a0\u00a0<\/em><\/p>\n<p class=\"table_fet\">Kraftig stil tillkommer.<\/p>\n<p class=\"table\">\u00a7 5<\/p>\n<p class=\"table\">F\u00f6reningens angel\u00e4genheter handhavas av en styrelse best\u00e5ende av <strong>7 \u2013 9<\/strong> f\u00f6r tv\u00e5 \u00e5r valda ledam\u00f6ter. L\u00e4nets Hush\u00e5llningss\u00e4llskap utser\u2026..<\/p>\n<p class=\"table\">\u00a7 6<\/p>\n<p class=\"table\">\u2026\u2026.Styrelsen \u00e4r beslutsm\u00e4ssig d\u00e5 minst <span class=\"table_fet\">h\u00e4lften<\/span> av ledam\u00f6terna \u00e4r n\u00e4rvarande.<\/p>\n<p class=\"table\">\u00a7 9<\/p>\n<p class=\"table\">Ny punkt i dagordningen f\u00f6r \u00e5rsm\u00f6tet tillkommer efter punkt 10:<\/p>\n<p class=\"table_fet\">x. Fastst\u00e4llande av antalet ledam\u00f6ter i styrelsen.<\/p>\n<p class=\"table\"><strong>\u00a0<\/strong><\/p>\n<p class=\"table\"><span class=\"table_fet\">Hedersledam\u00f6ter<\/span><br \/>\nF.d. ordf\u00f6rande och l\u00e4nsr\u00e5d Lennart Linder-Aronson, K\u00f6penhamnsv\u00e4gen 95, 217 75 Malm\u00f6<br \/>\nF.d. l\u00e4nsj\u00e4gm\u00e4stare Sven Eriksson, Tegelv\u00e4gen 20, 227 30 Lund<\/p>\n<p class=\"table\" align=\"center\">Styrelsen f\u00f6r Sk\u00e5nes Skogs- och Betesv\u00e5rdsf\u00f6rening<br \/>\n2011-06-10<\/p>\n","protected":false},"excerpt":{"rendered":"<p>Verksamhetsber\u00e4ttelse 2010: Verksamhetsber\u00e4ttelse 2010 PDF Aktiviteter under \u00e5ret 2010-01-01 \u2013 12-31 Ordinarie \u00c5rsm\u00f6te\/v\u00e5rm\u00f6te Den 1 juni h\u00f6ll f\u00f6reningen ordinarie f\u00f6reningsst\u00e4mma p\u00e5 Fl\u00e4derg\u00e5rdens kaffestuga i Vinsl\u00f6v. Cirka 55 personer hade slutit upp p\u00e5 st\u00e4mman. I traditionell ordning b\u00f6rjade vi med fika. Ordf\u00f6rande Carl von Friesendorff \u00f6ppnade dagens f\u00f6rhandling och valdes likaledes att leda densamma. Till att [&hellip;]<\/p>\n","protected":false},"author":1,"featured_media":0,"parent":486,"menu_order":0,"comment_status":"closed","ping_status":"closed","template":"","meta":[],"_links":{"self":[{"href":"https:\/\/skogobete.se\/index.php?rest_route=\/wp\/v2\/pages\/100"}],"collection":[{"href":"https:\/\/skogobete.se\/index.php?rest_route=\/wp\/v2\/pages"}],"about":[{"href":"https:\/\/skogobete.se\/index.php?rest_route=\/wp\/v2\/types\/page"}],"author":[{"embeddable":true,"href":"https:\/\/skogobete.se\/index.php?rest_route=\/wp\/v2\/users\/1"}],"replies":[{"embeddable":true,"href":"https:\/\/skogobete.se\/index.php?rest_route=%2Fwp%2Fv2%2Fcomments&post=100"}],"version-history":[{"count":3,"href":"https:\/\/skogobete.se\/index.php?rest_route=\/wp\/v2\/pages\/100\/revisions"}],"predecessor-version":[{"id":389,"href":"https:\/\/skogobete.se\/index.php?rest_route=\/wp\/v2\/pages\/100\/revisions\/389"}],"up":[{"embeddable":true,"href":"https:\/\/skogobete.se\/index.php?rest_route=\/wp\/v2\/pages\/486"}],"wp:attachment":[{"href":"https:\/\/skogobete.se\/index.php?rest_route=%2Fwp%2Fv2%2Fmedia&parent=100"}],"curies":[{"name":"wp","href":"https:\/\/api.w.org\/{rel}","templated":true}]}}