{"id":102,"date":"2014-11-11T23:50:40","date_gmt":"2014-11-11T22:50:40","guid":{"rendered":"http:\/\/skogobete.se\/?page_id=102"},"modified":"2016-06-09T14:12:35","modified_gmt":"2016-06-09T12:12:35","slug":"arsredovisning-2009","status":"publish","type":"page","link":"https:\/\/skogobete.se\/?page_id=102","title":{"rendered":"\u00c5rsredovisning 2009"},"content":{"rendered":"<p class=\"rubrik\"><strong>Verksamhetsber\u00e4ttelse 2009: <\/strong><a href=\"http:\/\/skogobete.se\/wp-content\/uploads\/2016\/02\/Verksamhetsber\u00e4ttelse-2009-PDF.pdf\">Verksamhetsber\u00e4ttelse 2009 PDF<\/a><\/p>\n<p class=\"rubrik\"><strong class=\"table_fet\"><span style=\"text-decoration: underline;\">Aktiviteter under \u00e5ret 2009-01-01 \u2013 12-31<\/span><\/strong><\/p>\n<p class=\"table\">Den 28 maj h\u00f6ll f\u00f6reningen ordinarie f\u00f6reningsst\u00e4mma p\u00e5 Tyringe Kurhotell.<br \/>\nCirka 45 personer hade slutit upp p\u00e5 st\u00e4mman. I traditionell ordning b\u00f6rjade vi med fika.<\/p>\n<p class=\"table\">Ordf\u00f6rande Carl von Friesendorff \u00f6ppnade dagens f\u00f6rhandling och valdes likaledes att leda densamma.<\/p>\n<p class=\"table\">Till justeringsm\u00e4n valdes Olle Ericsson, Gravar\u00f6d, 282 01 Tyringe samt Birgit Timner, \u00d6stra Nyrup 303, 243 91 H\u00f6\u00f6r.<\/p>\n<p class=\"table\">Val av ordf\u00f6rande och styrelseledam\u00f6ter gjordes som f\u00f6ljer:<br \/>\nTill ordf\u00f6rande f\u00f6r f\u00f6reningen valdes Carl von Friesendorff, Silv\u00e5krag\u00e5rden, 240 14 Veber\u00f6d (omval).<br \/>\nTill ledam\u00f6ter i styrelsen valdes : Eva Nilsson, Ekastiga, 243 93 H\u00f6\u00f6r (omval), Kjell Nystr\u00f6m, Farhult 8272, 242 96 H\u00f6rby (omval).<br \/>\n\u00d6vriga ledam\u00f6ter i styrelsen \u00e4r: Fredrik Wachtmeister, M\u00f6llarps S\u00e4teri, 260 23 K\u00e5ger\u00f6d, Lena Lannerheim, \u00d6stentorp 4446, 242 94 H\u00f6rby, Skogsstyrelsen Region \u00d6st, Vakant (utsedd av Skogsstyrelsen) samt Sven Fajersson, Hush\u00e5llningss\u00e4llskapet (utsedd av Hush\u00e5llningss\u00e4llskapet).<\/p>\n<p>&nbsp;<\/p>\n<p>_________________________________________________<\/p>\n<p class=\"table\">Hederspriser utdelades.<\/p>\n<p><strong>Pristagare av Sk\u00e5nska Dagbladets Hederspris 2009<\/strong><br \/>\nKerstin och Carl-Axel Dahlgren, KC-Ranch\/Vaselunds G\u00e5rd,<br \/>\n240 12 Torna H\u00e4llestad<\/p>\n<p><span class=\"table_fet\">Pristagare av Sk\u00e5nes Skogs- och Betesv\u00e5rdsf\u00f6rening hederspris 2009.<\/span><br \/>\n<span class=\"table\">Alvar Manfredsson, \u00d6. J\u00e4rnv\u00e4gsgatan 28, 280 23 H\u00e4stveda<\/span><\/p>\n<p>L\u00e4s motiveringarna h\u00e4r<a title=\"Hederspriser 2009\" href=\"http:\/\/skogobete.se\/?page_id=69\"> &gt;&gt;&gt;&gt;<\/a><\/p>\n<p><span class=\"table\">\u00c5rsm\u00f6te samt utdelning av hederspriser ingick som en del i dagens \u00f6vriga program.<\/span><\/p>\n<p class=\"table\">Sk\u00e5nes Skogs- och Betesv\u00e5rdsf\u00f6rening arbetar som namnet visar s\u00e5v\u00e4l med skogs- som betesfr\u00e5gor.<\/p>\n<p class=\"table\">Dagens tema var \u201dSkogsg\u00f6dsling\u201d. Ett \u00e4mne som innefattar olika \u00e5ldrar och olika metoder. Ungskogsg\u00f6dsling \u00e4r f\u00f6r n\u00e4rvarande mest aktuellt eftersom denna kan till\u00e4mpas i st\u00f6rre delen av landet, medan skogsg\u00f6dsling i senare skede inte \u00e4r till\u00e5tet i sydligaste delen av landet.<br \/>\nJohan Bergh, SLU forskar kring fr\u00e5gor om skogsg\u00f6dsling. Hans tema var <em>\u201dForskning om skogsg\u00f6dsling\u201d. <\/em>Betr\u00e4ffande ungskogsg\u00f6dsling p\u00e5g\u00e5r arbete med milj\u00f6analys, ett arbete d\u00e4r Johan B. svarar f\u00f6r den forskningsm\u00e4ssiga delen av arbetet.<\/p>\n<p class=\"table\">Gunnar Thelin, Ekobalans AB har ett f\u00f6retag som arbetar med bl.a. jordanalys och praktisk till\u00e4mpning. Gunnar T. tema f\u00f6r dagen handlade om <em>\u201dJordanalys och skogsg\u00f6dsling i praktiken\u201d<\/em>. Karin Hjerpe, Skogsstyrelsen. Karin H. arbetade bl.a. med fr\u00e5gor om g\u00f6dsling. F\u00f6r dagen var det Karins roll att beskriva <em>\u201dSkogsstyrelsens syn p\u00e5 kv\u00e4veg\u00f6dsling och n\u00e4ringskompensation\u201d<\/em>.<\/p>\n<p class=\"table\">Efter v\u00e4lsmakande lunch vidtog exkursion p\u00e5 Gravar\u00f6d, en fastighet som \u00e4gs av Olle Ericsson. Olle ber\u00e4ttade med stor entusiasm om sina st\u00f6rre eller mindre f\u00f6rs\u00f6k. Sk\u00e5nes Skogs- och Betesv\u00e5rdsf\u00f6reningen framf\u00f6r ett varmt tack till ber\u00f6rda f\u00f6redragsh\u00e5llare.<\/p>\n<p class=\"table_fet\"><strong>H\u00f6stm\u00f6te<\/strong><\/p>\n<p class=\"table\">Den 16 november h\u00f6ll f\u00f6reningen m\u00f6te p\u00e5 Frostavallen.<br \/>\nDagens tema var: <em>\u201dL\u00f6nsam br\u00e4nsleproduktion i skogen\u201d<\/em><\/p>\n<p class=\"table\">Per Hermansson, S\u00f6dra Skogs\u00e4garna arbetar bl.a. med skoglig energir\u00e5vara. Per har tidigare varit distriktschef f\u00f6r S\u00f6dra i H\u00f6rby. Han hade som tema <em>\u201dMarknaden f\u00f6r skogsbr\u00e4nsle\u201d. <\/em>En marknad p\u00e5 tydlig uppg\u00e5ng. Thomas Th\u00f6rnqvist, V\u00e4xj\u00f6 Universitet pratade kring temat<em>\u201dTillvaratagande av skogsbr\u00e4nsle\u201d<\/em> Skogsbr\u00e4nsle utg\u00f6r i dag en efterfr\u00e5gad r\u00e5vara s\u00e5v\u00e4l till uppv\u00e4rmning som till n\u00e4ringsk\u00e4lla. P\u00e5l B\u00f6rjesson, Lunds Tekniska H\u00f6gskola utvecklade temat <em>\u201d\u00c4r skogsbr\u00e4nsle l\u00f6nsamt f\u00f6r skogs\u00e4garen\u201d?<\/em> Per menade bl.a. att nettoers\u00e4ttningen till skogs\u00e4garen borde \u00f6ka till det dubbla eller 50 kronor\/MWh.<\/p>\n<p class=\"table\">Efter en v\u00e4lsmakande lunch p\u00e5 Frostavallen \u00e5kte samtliga vidare till Ekastiga f\u00f6r eftermiddagens \u00f6vningar. H\u00e4r m\u00f6ttes vi av Eva, Gert, Annette och Jonas Nilsson. Eva och Gert var n\u00e5got av pionj\u00e4rer i nyttjandet av flis till v\u00e4rme. F\u00f6r cirka 30 \u00e5r sedan gjorde de sin f\u00f6rsta investering i en flispanna, en investering med god l\u00f6nsamhet. Efter bes\u00f6ket hos Eva och Gert \u00e5kte vi samlat till Rindi, v\u00e4rmekraftverk i H\u00f6\u00f6r. En anl\u00e4ggning som f\u00f6rs\u00f6rjer stora delar av H\u00f6\u00f6r t\u00e4tort med v\u00e4rme. Pannan \u00e4r \u00e4ven h\u00e4r fliseldad.<\/p>\n<p class=\"table\">Sk\u00e5nes Skogs- och Betesv\u00e5rdsf\u00f6rening framf\u00f6rde ett varmt tack till f\u00f6redragsh\u00e5llare och v\u00e4rdar f\u00f6r dagen.<\/p>\n<p class=\"table_fet\"><strong>Styrelsem\u00f6ten<\/strong><\/p>\n<p class=\"table\">Styrelsen har under \u00e5ret haft 3 m\u00f6ten.<br \/>\nDen 8 januari p\u00e5 Skogsstyrelsens Distriktskontor i H\u00f6\u00f6r.<br \/>\nDen 28 maj p\u00e5 Tyringe Kurhotell i Tyringe, styrelsem\u00f6te och konstituerande m\u00f6te samt<br \/>\nden 28 augusti p\u00e5 Skogsstyrelsens Distriktskontor i H\u00f6\u00f6r.<br \/>\nAntalet medlemmar har under \u00e5ret varit 177 betalande.<\/p>\n<p class=\"table\"><strong class=\"table_fet\">Hedersledam\u00f6ter<\/strong><br \/>\nF.d. ordf\u00f6rande och l\u00e4nsr\u00e5d Lennart Linder-Aronson, K\u00f6penhamnsv\u00e4gen 95, 217 75 Malm\u00f6<br \/>\nF.d. l\u00e4nsj\u00e4gm\u00e4stare Sven Eriksson, Tegelv\u00e4gen 20, 227 30 Lund<br \/>\nF.d. ordf\u00f6rande Friherre Bengt Bennet, (Avliden 2009)<\/p>\n<p class=\"table\"><strong class=\"table_fet\">Parentation<\/strong><br \/>\n\u00c5rm\u00f6tet 2010 inleddes med parention \u00f6ver fd. ordf\u00f6rande och hedersledamot i Sk\u00e5nes Skogs- och Betesv\u00e5rdsf\u00f6rening, Friherre Bengt Bennet. Bengt Bennet blev ordf\u00f6rande i f\u00f6reningen i mitten av 1970-talet och innehade denna funktion i cirka 15 \u00e5r. Bengt Bennet avled i maj m\u00e5nad \u00e5r 2009. Begravning \u00e4gde rum den 1 juni med samling p\u00e5 Fj\u00e4rrestadtorp. F\u00f6reningen representerades av dess ordf\u00f6rande, Carl von Friesendorff.<\/p>\n<p>&nbsp;<\/p>\n<p class=\"table\" align=\"center\">Styrelsen f\u00f6r Sk\u00e5nes Skogs- och Betesv\u00e5rdsf\u00f6rening<br \/>\n2010-06-01<\/p>\n<p>&nbsp;<\/p>\n","protected":false},"excerpt":{"rendered":"<p>Verksamhetsber\u00e4ttelse 2009: Verksamhetsber\u00e4ttelse 2009 PDF Aktiviteter under \u00e5ret 2009-01-01 \u2013 12-31 Den 28 maj h\u00f6ll f\u00f6reningen ordinarie f\u00f6reningsst\u00e4mma p\u00e5 Tyringe Kurhotell. Cirka 45 personer hade slutit upp p\u00e5 st\u00e4mman. I traditionell ordning b\u00f6rjade vi med fika. Ordf\u00f6rande Carl von Friesendorff \u00f6ppnade dagens f\u00f6rhandling och valdes likaledes att leda densamma. Till justeringsm\u00e4n valdes Olle Ericsson, Gravar\u00f6d, [&hellip;]<\/p>\n","protected":false},"author":1,"featured_media":0,"parent":486,"menu_order":0,"comment_status":"closed","ping_status":"closed","template":"","meta":[],"_links":{"self":[{"href":"https:\/\/skogobete.se\/index.php?rest_route=\/wp\/v2\/pages\/102"}],"collection":[{"href":"https:\/\/skogobete.se\/index.php?rest_route=\/wp\/v2\/pages"}],"about":[{"href":"https:\/\/skogobete.se\/index.php?rest_route=\/wp\/v2\/types\/page"}],"author":[{"embeddable":true,"href":"https:\/\/skogobete.se\/index.php?rest_route=\/wp\/v2\/users\/1"}],"replies":[{"embeddable":true,"href":"https:\/\/skogobete.se\/index.php?rest_route=%2Fwp%2Fv2%2Fcomments&post=102"}],"version-history":[{"count":2,"href":"https:\/\/skogobete.se\/index.php?rest_route=\/wp\/v2\/pages\/102\/revisions"}],"predecessor-version":[{"id":388,"href":"https:\/\/skogobete.se\/index.php?rest_route=\/wp\/v2\/pages\/102\/revisions\/388"}],"up":[{"embeddable":true,"href":"https:\/\/skogobete.se\/index.php?rest_route=\/wp\/v2\/pages\/486"}],"wp:attachment":[{"href":"https:\/\/skogobete.se\/index.php?rest_route=%2Fwp%2Fv2%2Fmedia&parent=102"}],"curies":[{"name":"wp","href":"https:\/\/api.w.org\/{rel}","templated":true}]}}