{"id":109,"date":"2014-11-11T23:53:15","date_gmt":"2014-11-11T22:53:15","guid":{"rendered":"http:\/\/skogobete.se\/?page_id=109"},"modified":"2016-06-10T09:51:17","modified_gmt":"2016-06-10T07:51:17","slug":"arsredovisning-2006","status":"publish","type":"page","link":"https:\/\/skogobete.se\/?page_id=109","title":{"rendered":"\u00c5rsredovisning 2006"},"content":{"rendered":"<p><strong>Verksamhetsber\u00e4ttelse 2006: <\/strong><a href=\"http:\/\/skogobete.se\/wp-content\/uploads\/2016\/02\/Verksamhetsber\u00e4ttelse-2006-PDF.pdf\">Verksamhetsber\u00e4ttelse 2006 &#8211; PDF<\/a><\/p>\n<p><span class=\"rubrik\"><span style=\"font-family: Verdana, Arial, Helvetica, sans-serif;\"><b>Ordinarie \u00c5rsm\u00f6te\/V\u00e5rm\u00f6te 2006<\/b><\/span><\/span><b><\/b><\/p>\n<p>Den 1 juni h\u00f6ll f\u00f6reningen ordinarie f\u00f6reningsst\u00e4mma p\u00e5 Wrams Gunnarstorp.<\/p>\n<p><span style=\"font-family: Verdana, Arial, Helvetica, sans-serif;\"><span class=\"table\">Cirka 70 personer hade slutit upp till st\u00e4mman. I traditionell ordning b\u00f6rjade vi med fika.<\/span><\/span><\/p>\n<p><span style=\"font-family: Verdana, Arial, Helvetica, sans-serif;\"><span class=\"table\">Ordf\u00f6rande Carl von Friesendorff \u00f6ppnade dagens f\u00f6rhandling och valdes likaledes att leda densamma. Till justeringsm\u00e4n valdes Hans Ivar Svensson, Kyrkbyn 208, 240 40 Tj\u00f6rnarp samt Wilhelm Sonesson, Fager\u00e5s G\u00e5rd, 241 95 Billinge.<\/span><\/span><\/p>\n<p class=\"table\"><span style=\"font-family: Verdana, Arial, Helvetica, sans-serif;\">Val av ordf\u00f6rande och styrelseledam\u00f6ter gjordes som f\u00f6ljer:<\/span><\/p>\n<p class=\"table\"><span style=\"font-family: Verdana, Arial, Helvetica, sans-serif;\">Till ordf\u00f6rande f\u00f6r f\u00f6reningen omvaldes Carl von Friesendorff, Silv\u00e5krag\u00e5rden, 240 14 Veber\u00f6d (omval).<\/span><\/p>\n<p class=\"table\"><span style=\"font-family: Verdana, Arial, Helvetica, sans-serif;\">Till ledam\u00f6ter i styrelsen valdes: Fredrik Wachtmeister, M\u00f6llarps S\u00e4teri, 260 23 K\u00e5ger\u00f6d (omval), Lena Lannerheim, \u00d6stenstorp 4446, 242 94 H\u00f6rby (omval).<\/span><\/p>\n<p class=\"table\"><span style=\"font-family: Verdana, Arial, Helvetica, sans-serif;\">\u00d6vriga ledam\u00f6ter i styrelsen \u00e4r:<\/span><\/p>\n<p class=\"table\"><span style=\"font-family: Verdana, Arial, Helvetica, sans-serif;\">Kjell Nystr\u00f6m, Farhult 8272, 242 96 H\u00f6rby och Eva Nilsson, Ekastiga, 243 93 H\u00f6\u00f6r, Jan Linder, Skogsstyrelsen Region \u00d6st (utsedd av Skogsstyrelsen) samt Sven Fajersson, Hush\u00e5llningss\u00e4llskapet (utsedd av Hush\u00e5llningss\u00e4llskapet).<br \/>\n<\/span><\/p>\n<p class=\"table\"><span style=\"font-family: Verdana, Arial, Helvetica, sans-serif;\">_________________________________________________<\/span><\/p>\n<p><span class=\"table_fet\">Hederspriser utdelades.<\/span><\/p>\n<p class=\"table\"><span class=\"table_fet\"><span style=\"font-family: Verdana, Arial, Helvetica, sans-serif;\"><b>Sk\u00e5nes Skogs- och Betesv\u00e5rdsf\u00f6renings hederspris 2006 <\/b><\/span><\/span><span style=\"font-family: Verdana, Arial, Helvetica, sans-serif;\"><b><br \/>\n<\/b>Uno Eliasson, Linnem\u00f6llav. 95, 290 11 Linder\u00f6d<\/span><\/p>\n<p><span class=\"table_fet\"><b>Sk\u00e5nska Dagbladets hederspris 2006<\/b><\/span><b><br \/>\n<\/b>Arne Landgren, Aggarp, 260 70 Ljungbyhed, Tfn. 0435-770215<\/p>\n<p class=\"table\"><a title=\"Hederspriser 2006\" href=\"http:\/\/skogobete.se\/?page_id=62\"><span style=\"font-family: Verdana, Arial, Helvetica, sans-serif;\">L\u00e4s motiveringarna h\u00e4r &gt;&gt; <\/span><\/a><\/p>\n<p>&nbsp;<\/p>\n<p><span class=\"table_fet\"><span style=\"font-family: Verdana, Arial, Helvetica, sans-serif;\">Efter \u00e5rsm\u00f6tet och utdelning av hederspriser vidtog dagens \u00f6vriga program.<\/span><\/span><\/p>\n<p class=\"table\"><span style=\"font-family: Verdana, Arial, Helvetica, sans-serif;\">Sk\u00e5nes Skogs- och Betesv\u00e5rdsf\u00f6rening arbetar som namnet visar s\u00e5v\u00e4l med skogs- som betesfr\u00e5gor. Dagens tema var \u201dSkog och Vatten\u201d. F\u00f6r att tydligg\u00f6ra denna s\u00e5 viktiga kombination var ett flertal experter anmodade att belysa fr\u00e5gan, var och en efter sitt perspektiv.<\/span><\/p>\n<p class=\"table\"><span style=\"font-family: Verdana, Arial, Helvetica, sans-serif;\"><b class=\"table_fet\">Lena Fought<\/b> fr\u00e5n h\u00f6gskolan i Kristianstad ber\u00e4ttade om \u201dVattnets v\u00e4g i landskapet genom b\u00e4ckar och diken\u201d. Att vattnet har inverkan p\u00e5 milj\u00f6n bl.a. genom transport av olika \u00e4mnen fick vi klarhet i genom <\/span><span style=\"font-family: Verdana, Arial, Helvetica, sans-serif;\"><b class=\"table_fet\">Jan Grosen<\/b>, Vattensektion, L\u00e4nsstyrelsen.<\/span><\/p>\n<p class=\"table\"><span style=\"font-family: Verdana, Arial, Helvetica, sans-serif;\"><b class=\"table_fet\">Stefan Andersson<\/b> fr\u00e5n Skogsstyrelsen ber\u00e4ttade om vattnet och dess betydelse f\u00f6r ett effektivt skogsbruk.<\/span><\/p>\n<p class=\"table\"><span style=\"font-family: Verdana, Arial, Helvetica, sans-serif;\"><b class=\"table_fet\">Rudolf och Annelie Tornerhjelm<\/b> utvecklade tillsammans med <b class=\"table_fet\">Rolf Andreasson<\/b>, SUSAB hur man p\u00e5 ett bra s\u00e4tt utnyttjar och bem\u00e4strar vattnet p\u00e5 Wrams Gunnarstorp.<\/span><\/p>\n<p class=\"table\"><span style=\"font-family: Verdana, Arial, Helvetica, sans-serif;\">Efter en utm\u00e4rkt lunch vidtog exkursion p\u00e5 Wrams Gunnarstorps marker, under ledning av Annelie och Rudolf Tornerhjelm samt Rolf Andreasson, SUSAB, en exkursion som omfattade s\u00e5v\u00e4l skog som bete och energifr\u00e5gor. F\u00f6reningen framf\u00f6r ett varmt tack till familjen Tornerhjelm.<\/span><\/p>\n<p>&nbsp;<\/p>\n<p class=\"mellanrubrik\"><span style=\"font-family: Verdana, Arial, Helvetica, sans-serif;\"><b>H\u00f6stm\u00f6te<\/b><\/span><\/p>\n<p class=\"table\"><span style=\"font-family: Verdana, Arial, Helvetica, sans-serif;\">Torsdagen den 9 november h\u00f6ll f\u00f6reningen h\u00f6stm\u00f6te p\u00e5 Axelvolds f.d. lanthush\u00e5llsskola, K\u00e5ger\u00f6d. Till m\u00f6tet hade cirka 60 personer slutit upp.<\/span><\/p>\n<p class=\"table\"><span style=\"font-family: Verdana, Arial, Helvetica, sans-serif;\">Tema f\u00f6r dagen \u00e4r \u201dSkog och Bete\u201d, ett tema som ligger v\u00e4l i linje med f\u00f6reningens intensioner. \u00c4mnet ansluter dessutom v\u00e4l till den aktuella situationen f\u00f6r s\u00e5v\u00e4l skogs- som jordbruksfr\u00e5gor.<\/span><\/p>\n<p class=\"table\"><span style=\"font-family: Verdana, Arial, Helvetica, sans-serif;\"><b class=\"table_fet\">Martin Werner, <\/b>Skogforsk, Ekebo utvecklade tankar och forskning kring<i> \u201dPlanteringsalternativ efter stormen Gudrun\u201d<\/i>. F\u00f6r m\u00e5nga var detta sista g\u00e5ngen Martin ber\u00e4ttade om de tankar och den forskning som han i h\u00f6g grad sj\u00e4lv \u00e4r och har varit delaktig i. En profil inom fr\u00e4mst l\u00f6vforskningen har avslutat delar av sin verksamhet, en verksamhet som Sk\u00e5nes Skogs- och Betesv\u00e5rdsf\u00f6rening honorerat genom att Martin erh\u00f6ll f\u00f6reningens hederspris 1995. Martin Werner avtackades s\u00e4rskilt vid denna tillst\u00e4llning av f\u00f6reningens ordf\u00f6rande Carl von Friesendorff.<\/span><\/p>\n<p class=\"table\"><span style=\"font-family: Verdana, Arial, Helvetica, sans-serif;\"><b class=\"table_fet\">Gunnar Isacsson, <\/b>Skogsstyrelsen ber\u00e4ttade om <i>\u201dSkadeg\u00f6rare i medvind\u201d<\/i>. Fr\u00e4mst Granbarkborren har skapat en brydsam situation f\u00f6r skogsbruket i sp\u00e5ren av alla de tr\u00e4d som fallit och allt virke som blivit av detta. Sommaren 2006 har dessutom varit torr och varm. Utifr\u00e5n en vid Gudrunstormen f\u00f6rh\u00e5llandevis l\u00e5g numer\u00e4r av insekter har situationen snabbt blivit mycket allvarlig.<\/span><\/p>\n<p class=\"table\"><span style=\"font-family: Verdana, Arial, Helvetica, sans-serif;\">\u00c4ven p\u00e5 betessidan h\u00e4nder saker. Vi har f\u00e5tt ett nytt LBU st\u00f6d. Utifr\u00e5n rubriken<i> \u201dV\u00e5gar vi g\u00e5 in i det nya betesst\u00f6det (LBU) eller skall vi plantera skog?\u201d<\/i> informerar<span class=\"table_fet\"> <b>Lars Hellstr\u00f6m<\/b><\/span><b>, <\/b>HS Kristianstad.<\/span><\/p>\n<p class=\"table\"><span style=\"font-family: Verdana, Arial, Helvetica, sans-serif;\">Efter en god lunch intogs bilarna och exkursion i skog och p\u00e5 betesmark vidtog under ledning av<span class=\"table_fet\"><b>Lars Rytter<\/b><\/span><b>, <\/b>Skogforsk och<span class=\"table_fet\"> <b>Fredrik Wachtmeister<\/b><\/span><b>, <\/b>Knutstorp.<\/span><\/p>\n<p class=\"table\"><span style=\"font-family: Verdana, Arial, Helvetica, sans-serif;\"><b><br \/>\n<span class=\"mellanrubrik\">Styrelsem\u00f6ten<\/span><\/b><\/span><\/p>\n<p class=\"table\"><span style=\"font-family: Verdana, Arial, Helvetica, sans-serif;\">Styrelsen har under \u00e5ret haft 4 m\u00f6ten. Den 10 januari p\u00e5 Skogsstyrelsens distriktskontor i H\u00f6\u00f6r. Den 1 juni p\u00e5 Wrams Gunnarstorp, styrelsem\u00f6te och konstituerande m\u00f6te. Den 14 augusti p\u00e5 Silv\u00e5krag\u00e5rden hos Carl von Friesendorff samt den 9 november p\u00e5 Restaurang TreSteg i Axelvold, K\u00e5ger\u00f6d. Antalet medlemmar har under \u00e5ret varit 197 betalande. <\/span><span style=\"font-family: Verdana, Arial, Helvetica, sans-serif; font-size: small;\"><br \/>\n<\/span><\/p>\n<table border=\"0\" width=\"100%\" cellspacing=\"0\" cellpadding=\"3\">\n<tbody>\n<tr>\n<td class=\"table\" width=\"73%\"><span style=\"font-family: Verdana, Arial, Helvetica, sans-serif;\"><b>F\u00f6reningens styrelse<\/b><\/span><\/td>\n<td class=\"table\" width=\"27%\"><span style=\"font-family: Verdana, Arial, Helvetica, sans-serif;\"><b>Vald till \u00c5rsst\u00e4mman<\/b><\/span><\/td>\n<\/tr>\n<tr valign=\"top\">\n<td class=\"table\"><span style=\"font-family: Verdana, Arial, Helvetica, sans-serif;\">Ordf\u00f6rande Carl von Friesendorff, Silv\u00e5krag\u00e5rden<br \/>\nTfn. 046-830 12, 0705-83 01 30.<\/span><\/td>\n<td class=\"table\"><span style=\"font-family: Verdana, Arial, Helvetica, sans-serif;\">2006-2007<\/span><\/td>\n<\/tr>\n<tr valign=\"top\">\n<td class=\"table\"><span style=\"font-family: Verdana, Arial, Helvetica, sans-serif;\">Vice ordf. Fredrik Wachtmeister, M\u00f6llarps S\u00e4teri, 26023 K\u00e5ger\u00f6d. Tfn. 0418-802 00, 0705-54 32 80.<\/span><\/td>\n<td class=\"table\"><span style=\"font-family: Verdana, Arial, Helvetica, sans-serif;\">2006-2008<\/span><\/td>\n<\/tr>\n<tr valign=\"top\">\n<td class=\"table\"><span style=\"font-family: Verdana, Arial, Helvetica, sans-serif;\">Lena Lannerheim, \u00d6stentorp 4446, 242 94 H\u00f6rby, Tfn. 0415-504 54, 070-575 04 54<\/span><\/td>\n<td class=\"table\"><span style=\"font-family: Verdana, Arial, Helvetica, sans-serif;\">2006-2008<\/span><\/td>\n<\/tr>\n<tr>\n<td class=\"table\"><span style=\"font-family: Verdana, Arial, Helvetica, sans-serif;\">Kjell Nystr\u00f6m, Farhult 8272, 242 96 H\u00f6rby Tfn. 0415-601 36, 0733-20 06 02.<\/span><\/td>\n<td class=\"table\"><span style=\"font-family: Verdana, Arial, Helvetica, sans-serif;\">2005-2007<\/span><\/td>\n<\/tr>\n<tr>\n<td class=\"table\"><span style=\"font-family: Verdana, Arial, Helvetica, sans-serif;\">Eva Nilsson, Ekastiga, 243 93 H\u00f6\u00f6r, Tfn. 0413-211 15, 070-305 71 72.<\/span><\/td>\n<td class=\"table\"><span style=\"font-family: Verdana, Arial, Helvetica, sans-serif;\">2005-2007<\/span><\/td>\n<\/tr>\n<tr>\n<td class=\"table\">\n<p class=\"table\"><span style=\"font-family: Verdana, Arial, Helvetica, sans-serif;\">Jan Linder, Skogsstyrelsen, Region \u00d6st, Box 288, 593 24 V\u00e4stervik, utsedd av Skogsstyrelsen. Tfn. 0490-25 80 55.<\/span><\/p>\n<\/td>\n<td class=\"table\"><\/td>\n<\/tr>\n<tr>\n<td class=\"table\"><span style=\"font-family: Verdana, Arial, Helvetica, sans-serif;\">Sven Fajersson, Hush\u00e5llningss\u00e4llskapet, Box 9084, 291 09 Kristianstad, utsedd av Hush\u00e5llningss\u00e4llskapet. Tfn. 044-22 99 01.<\/span><\/td>\n<td class=\"table\"><\/td>\n<\/tr>\n<tr>\n<td class=\"table\"><\/td>\n<td class=\"table\"><\/td>\n<\/tr>\n<tr>\n<td class=\"table\"><span style=\"font-family: Verdana, Arial, Helvetica, sans-serif;\"><b>Revisorer<\/b><\/span><\/td>\n<td class=\"table\"><\/td>\n<\/tr>\n<tr valign=\"top\">\n<td class=\"table\"><span style=\"font-family: Verdana, Arial, Helvetica, sans-serif;\">Bo Johansson, Backav\u00e4gen 3, 243 34 H\u00f6\u00f6r<\/span><\/td>\n<td class=\"table\"><span style=\"font-family: Verdana, Arial, Helvetica, sans-serif;\">2006-2007<\/span><\/td>\n<\/tr>\n<tr valign=\"top\">\n<td class=\"table\">\n<p class=\"table\"><span style=\"font-family: Verdana, Arial, Helvetica, sans-serif;\">Erik Persson, Hush\u00e5llningss\u00e4llskapet, Borgeby, 237 91 Bj\u00e4rred (utsedd av Hush\u00e5llningss\u00e4llskapet.)<\/span><\/p>\n<\/td>\n<td class=\"table\"><span style=\"font-family: Verdana, Arial, Helvetica, sans-serif;\">2006-2007<\/span><\/td>\n<\/tr>\n<tr>\n<td class=\"table\"><\/td>\n<td class=\"table\"><\/td>\n<\/tr>\n<tr>\n<td class=\"table\"><span style=\"font-family: Verdana, Arial, Helvetica, sans-serif;\"><b>Suppleanter<\/b><\/span><\/td>\n<td class=\"table\"><\/td>\n<\/tr>\n<tr>\n<td class=\"table\"><span style=\"font-family: Verdana, Arial, Helvetica, sans-serif;\">Hans Nilsson, Skepparsl\u00f6vs G\u00e5rd, 291 92 Kristianstad<\/span><\/td>\n<td class=\"table\"><span style=\"font-family: Verdana, Arial, Helvetica, sans-serif;\">2006-2007<\/span><\/td>\n<\/tr>\n<tr valign=\"top\">\n<td class=\"table\">\n<p class=\"table\"><span style=\"font-family: Verdana, Arial, Helvetica, sans-serif;\">Ann-Britt Karlsson, Hush\u00e5llningss\u00e4llskapet, Borgeby, 237 91 Bj\u00e4rred (utsedd av Hush\u00e5llningss\u00e4llskapet)<\/span><\/p>\n<\/td>\n<td class=\"table\"><span style=\"font-family: Verdana, Arial, Helvetica, sans-serif;\">2006-2007<\/span><\/td>\n<\/tr>\n<tr>\n<td class=\"table\"><\/td>\n<td class=\"table\"><\/td>\n<\/tr>\n<tr>\n<td class=\"table\"><span style=\"font-family: Verdana, Arial, Helvetica, sans-serif;\"><b>F\u00f6reningens sekreterare<\/b><\/span><\/td>\n<td class=\"table\"><\/td>\n<\/tr>\n<tr>\n<td class=\"table\">\n<p class=\"table\"><span style=\"font-family: Verdana, Arial, Helvetica, sans-serif;\">Roland Olsson, Skogsstyrelsen, Box 6, 243 21 H\u00f6\u00f6r, Bes\u00f6ksadress: Bang\u00e5rdsgatan 6, H\u00f6\u00f6r. Tfn. 0413-294 62.<\/span><\/p>\n<\/td>\n<td class=\"table\"><\/td>\n<\/tr>\n<tr>\n<td class=\"table\"><\/td>\n<td class=\"table\"><\/td>\n<\/tr>\n<tr class=\"table\">\n<td class=\"table\" colspan=\"2\"><span style=\"font-family: Verdana, Arial, Helvetica, sans-serif;\"><b>F\u00f6reningens kassaf\u00f6rvaltare samt f\u00f6rare av medlemsregister<\/b><\/span><\/td>\n<\/tr>\n<tr>\n<td class=\"table\">\n<p class=\"table\"><span style=\"font-family: Verdana, Arial, Helvetica, sans-serif;\">Hush\u00e5llningss\u00e4llskapet, Sven Fajersson, Box 9084, 291 09 Kristianstad. Tfn. 044-22 99 01<br \/>\nBes\u00f6ksadress: Skepparsl\u00f6vsv\u00e4gen 114, 291 92 Kristianstad.<\/span><\/p>\n<\/td>\n<td class=\"table\"><\/td>\n<\/tr>\n<tr>\n<td class=\"table\"><\/td>\n<td class=\"table\"><\/td>\n<\/tr>\n<tr>\n<td class=\"table\"><span style=\"font-family: Verdana, Arial, Helvetica, sans-serif;\"><b>Valberedning<\/b><\/span><\/td>\n<td class=\"table\"><\/td>\n<\/tr>\n<tr>\n<td class=\"table\"><span style=\"font-family: Verdana, Arial, Helvetica, sans-serif;\">Ulf Lundqvist, R\u00f6rm\u00e4staregatan 11, 260 51 Ekeby. Tfn. 042-944 02<\/span><\/td>\n<td class=\"table\"><span style=\"font-family: Verdana, Arial, Helvetica, sans-serif;\">2006-2007<\/span><\/td>\n<\/tr>\n<tr>\n<td class=\"table\"><span style=\"font-family: Verdana, Arial, Helvetica, sans-serif;\">Glenn Oredsson, Skea G\u00e5rd 4145, 281 91 H\u00e4ssleholm Tfn. 0451-363 64<\/span><\/td>\n<td class=\"table\"><span style=\"font-family: Verdana, Arial, Helvetica, sans-serif;\">2006-2007<\/span><\/td>\n<\/tr>\n<tr>\n<td class=\"table\"><\/td>\n<td><\/td>\n<\/tr>\n<tr>\n<td class=\"table\"><span style=\"font-family: Verdana, Arial, Helvetica, sans-serif;\"><b>Hedersledam\u00f6ter<\/b><\/span><\/td>\n<td><\/td>\n<\/tr>\n<tr>\n<td class=\"table\"><span style=\"font-family: Verdana, Arial, Helvetica, sans-serif;\">F.d. ordf\u00f6rande Friherre Bengt Bennet, Drottninggatan 178 C, 254 33 Helsingborg<\/span><\/td>\n<td><\/td>\n<\/tr>\n<tr>\n<td class=\"table\"><span style=\"font-family: Verdana, Arial, Helvetica, sans-serif;\">F.d. ordf\u00f6rande och l\u00e4nsr\u00e5d Lennart Linder-Aronson, K\u00f6penhamnsv\u00e4gen 95, 217 75 Malm\u00f6<\/span><\/td>\n<td><\/td>\n<\/tr>\n<\/tbody>\n<\/table>\n<p>&nbsp;<\/p>\n","protected":false},"excerpt":{"rendered":"<p>Verksamhetsber\u00e4ttelse 2006: Verksamhetsber\u00e4ttelse 2006 &#8211; PDF Ordinarie \u00c5rsm\u00f6te\/V\u00e5rm\u00f6te 2006 Den 1 juni h\u00f6ll f\u00f6reningen ordinarie f\u00f6reningsst\u00e4mma p\u00e5 Wrams Gunnarstorp. Cirka 70 personer hade slutit upp till st\u00e4mman. I traditionell ordning b\u00f6rjade vi med fika. Ordf\u00f6rande Carl von Friesendorff \u00f6ppnade dagens f\u00f6rhandling och valdes likaledes att leda densamma. Till justeringsm\u00e4n valdes Hans Ivar Svensson, Kyrkbyn 208, [&hellip;]<\/p>\n","protected":false},"author":1,"featured_media":0,"parent":486,"menu_order":0,"comment_status":"closed","ping_status":"closed","template":"","meta":[],"_links":{"self":[{"href":"https:\/\/skogobete.se\/index.php?rest_route=\/wp\/v2\/pages\/109"}],"collection":[{"href":"https:\/\/skogobete.se\/index.php?rest_route=\/wp\/v2\/pages"}],"about":[{"href":"https:\/\/skogobete.se\/index.php?rest_route=\/wp\/v2\/types\/page"}],"author":[{"embeddable":true,"href":"https:\/\/skogobete.se\/index.php?rest_route=\/wp\/v2\/users\/1"}],"replies":[{"embeddable":true,"href":"https:\/\/skogobete.se\/index.php?rest_route=%2Fwp%2Fv2%2Fcomments&post=109"}],"version-history":[{"count":2,"href":"https:\/\/skogobete.se\/index.php?rest_route=\/wp\/v2\/pages\/109\/revisions"}],"predecessor-version":[{"id":385,"href":"https:\/\/skogobete.se\/index.php?rest_route=\/wp\/v2\/pages\/109\/revisions\/385"}],"up":[{"embeddable":true,"href":"https:\/\/skogobete.se\/index.php?rest_route=\/wp\/v2\/pages\/486"}],"wp:attachment":[{"href":"https:\/\/skogobete.se\/index.php?rest_route=%2Fwp%2Fv2%2Fmedia&parent=109"}],"curies":[{"name":"wp","href":"https:\/\/api.w.org\/{rel}","templated":true}]}}