{"id":163,"date":"2014-11-28T08:50:47","date_gmt":"2014-11-28T07:50:47","guid":{"rendered":"http:\/\/skogobete.se\/?page_id=163"},"modified":"2026-04-21T11:54:23","modified_gmt":"2026-04-21T09:54:23","slug":"kommande","status":"publish","type":"page","link":"https:\/\/skogobete.se\/?page_id=163","title":{"rendered":"Kommande"},"content":{"rendered":"<h1>\u00c5rsm\u00f6te och exkursion<\/h1>\n<p>Sk\u00e5nes Skogs- och Betesv\u00e5rdsf\u00f6rening h\u00e4lsar v\u00e4lkommen till \u00e5rsm\u00f6te med efterf\u00f6ljande exkursion med tema H\u00e5llbar skogsf\u00f6rvaltning<\/p>\n<p><strong>Torsdagen den 28 maj kl. 9.30 \u2013 15.30.<\/strong><\/p>\n<p><strong>09.30<\/strong>\u00a0 \u00a0\u00a0<strong>Samling och kaffe<\/strong>\u00a0p\u00e5 F\u00e4ladsg\u00e5rden, Torrl\u00f6sa 2751, 268 90 Sval\u00f6v\u00a0<a href=\"http:\/\/www.f-g.se\/\">www.f-g.se<\/a><br \/>\nFikat sponsras av LF Sk\u00e5ne.<\/p>\n<p><strong>10.00\u00a0 \u00a0<\/strong>\u00a0<strong>\u00c5rsm\u00f6tesf\u00f6rhandlingar<\/strong>\u00a0inkl. utdelning av hederspriser.<br \/>\n<a href=\"http:\/\/skogobete.se\/wp-content\/uploads\/2026\/04\/Foredragningslista-ordinarie-arsmote-2026-Skog-och-Bete.pdf\">F\u00f6redragningslista<\/a><br \/>\n<a href=\"https:\/\/skogobete.se\/?page_id=976\" target=\"_blank\" rel=\"noopener\">\u00c5rsredovisning och verksamhetsber\u00e4ttelse<\/a><\/p>\n<p><strong>10.45<\/strong>\u00a0 \u00a0 \u00a0\u00a0<strong>F\u00f6rs\u00e4kringsinformation<\/strong>\u00a0av LF Sk\u00e5ne, Stefan Arvidsson.<\/p>\n<p><strong>11.00 -11.45\u00a0 \u00a0 \u00a0 \u00a0 F\u00f6redrag.<\/strong>\u00a0<em>\u201d<\/em>\u00a0<em>Stiftelsen Sk\u00e5nska Landskaps sk\u00f6tselstrategi f\u00f6r det samlande markinnehavet\u201d<\/em>\u00a0Emma Sandell Festin, med flera, skoglig f\u00f6rvaltare och forskare p\u00e5 stiftelsen Sk\u00e5nska Landskap.<\/p>\n<p><strong>11.45 -12.55\u00a0 \u00a0 \u00a0 \u00a0 Lunch<\/strong>\u00a0till sj\u00e4lvkostnadspris.<\/p>\n<p><strong>13.00-15.00\u00a0 \u00a0 \u00a0 \u00a0 Studiebes\u00f6k och information<\/strong>\u00a0om\u00a0<em>Skogforsks skogstr\u00e4dsf\u00f6r\u00e4dling p\u00e5 Ekebo<\/em>\u00a0\u2013 under ledning av Thomas Kraft, programchef p\u00e5 Skogforsk, Ekebo 2250, 268 90 Sval\u00f6v\u00a0<a href=\"https:\/\/www.skogforsk.se\/kontakt\/kontor\/ekebo\/\">https:\/\/www.skogforsk.se\/kontakt\/kontor\/ekebo\/<\/a><\/p>\n<p><strong>15.30 ca\u00a0 \u00a0 \u00a0 \u00a0 \u00a0 \u00a0 Avslut<\/strong>\u00a0Skogforsk bjuder p\u00e5 kaffe.<br \/>\n<strong>Pris f\u00f6r lunch och exkursion<\/strong>\u00a0\u00e4r 200 kr per deltagare. Betalas p\u00e5 m\u00f6tet direkt till Skog och Betesv\u00e5rdsf\u00f6reningen kontant eller Swish nr 123 323 22 46.<\/p>\n<p><strong>Sista anm\u00e4lningsdag den 18\/5.\u00a0<\/strong>I f\u00f6rsta hand via\u00a0<a href=\"https:\/\/forms.cloud.microsoft\/e\/SRrdtZ4qj7\">anm\u00e4lningsformul\u00e4ret<\/a><\/p>\n<p>Du kan \u00e4ven anm\u00e4la dig p\u00e5 telefon nr 010-476 20 97 till Elisabet Svensson,\u00a0<a href=\"mailto:elisabet.svensson@hushallningss%C3%A4llskapet.se\">elisabet.svensson@hushallningss\u00e4llskapet.se<\/a><\/p>\n<p><strong>V\u00e4lkomna!<\/strong><\/p>\n<p><em>Mats Hansson, ordf\u00f6rande.\u00a0<a href=\"mailto:matsivanga@gmail.com\">matsivanga@gmail.com<\/a><\/em><\/p>\n","protected":false},"excerpt":{"rendered":"<p>\u00c5rsm\u00f6te och exkursion Sk\u00e5nes Skogs- och Betesv\u00e5rdsf\u00f6rening h\u00e4lsar v\u00e4lkommen till \u00e5rsm\u00f6te med efterf\u00f6ljande exkursion med tema H\u00e5llbar skogsf\u00f6rvaltning Torsdagen den 28 maj kl. 9.30 \u2013 15.30. 09.30\u00a0 \u00a0\u00a0Samling och kaffe\u00a0p\u00e5 F\u00e4ladsg\u00e5rden, Torrl\u00f6sa 2751, 268 90 Sval\u00f6v\u00a0www.f-g.se Fikat sponsras av LF Sk\u00e5ne. 10.00\u00a0 \u00a0\u00a0\u00c5rsm\u00f6tesf\u00f6rhandlingar\u00a0inkl. utdelning av hederspriser. F\u00f6redragningslista \u00c5rsredovisning och verksamhetsber\u00e4ttelse 10.45\u00a0 \u00a0 \u00a0\u00a0F\u00f6rs\u00e4kringsinformation\u00a0av LF Sk\u00e5ne, [&hellip;]<\/p>\n","protected":false},"author":6,"featured_media":436,"parent":37,"menu_order":0,"comment_status":"closed","ping_status":"open","template":"","meta":[],"_links":{"self":[{"href":"https:\/\/skogobete.se\/index.php?rest_route=\/wp\/v2\/pages\/163"}],"collection":[{"href":"https:\/\/skogobete.se\/index.php?rest_route=\/wp\/v2\/pages"}],"about":[{"href":"https:\/\/skogobete.se\/index.php?rest_route=\/wp\/v2\/types\/page"}],"author":[{"embeddable":true,"href":"https:\/\/skogobete.se\/index.php?rest_route=\/wp\/v2\/users\/6"}],"replies":[{"embeddable":true,"href":"https:\/\/skogobete.se\/index.php?rest_route=%2Fwp%2Fv2%2Fcomments&post=163"}],"version-history":[{"count":74,"href":"https:\/\/skogobete.se\/index.php?rest_route=\/wp\/v2\/pages\/163\/revisions"}],"predecessor-version":[{"id":992,"href":"https:\/\/skogobete.se\/index.php?rest_route=\/wp\/v2\/pages\/163\/revisions\/992"}],"up":[{"embeddable":true,"href":"https:\/\/skogobete.se\/index.php?rest_route=\/wp\/v2\/pages\/37"}],"wp:featuredmedia":[{"embeddable":true,"href":"https:\/\/skogobete.se\/index.php?rest_route=\/wp\/v2\/media\/436"}],"wp:attachment":[{"href":"https:\/\/skogobete.se\/index.php?rest_route=%2Fwp%2Fv2%2Fmedia&parent=163"}],"curies":[{"name":"wp","href":"https:\/\/api.w.org\/{rel}","templated":true}]}}