{"id":2,"date":"2014-10-23T21:40:00","date_gmt":"2014-10-23T19:40:00","guid":{"rendered":"http:\/\/skogobete.se.preview.citynetwork.se\/?page_id=2"},"modified":"2026-04-21T11:53:49","modified_gmt":"2026-04-21T09:53:49","slug":"exempelsida","status":"publish","type":"page","link":"https:\/\/skogobete.se\/","title":{"rendered":"V\u00e4lkommen"},"content":{"rendered":"<p><strong>Skogs- och Betesv\u00e5rdsf\u00f6reningen \u00e4r en ideell f\u00f6rening med skog och bete i Sk\u00e5ne som verksamhetsomr\u00e5de.<\/strong><\/p>\n<p>L\u00e4s mer om oss genom att klicka p\u00e5 n\u00e5gon av de sex flikarna ovan.<\/p>\n<h1>\u00c5rsm\u00f6te och exkursion<\/h1>\n<p>Sk\u00e5nes Skogs- och Betesv\u00e5rdsf\u00f6rening h\u00e4lsar v\u00e4lkommen till \u00e5rsm\u00f6te med efterf\u00f6ljande exkursion med tema H\u00e5llbar skogsf\u00f6rvaltning<\/p>\n<p><strong>Torsdagen den 28 maj kl. 9.30 &#8211; 15.30.<\/strong><\/p>\n<p><strong>09.30<\/strong>\u00a0 \u00a0 <strong>Samling och kaffe<\/strong> p\u00e5 F\u00e4ladsg\u00e5rden, Torrl\u00f6sa 2751, 268 90 Sval\u00f6v <a href=\"http:\/\/www.f-g.se\">www.f-g.se<\/a><br \/>\nFikat sponsras av LF Sk\u00e5ne.<\/p>\n<p><strong>10.00\u00a0 \u00a0<\/strong> <strong>\u00c5rsm\u00f6tesf\u00f6rhandlingar<\/strong> inkl. utdelning av hederspriser.<br \/>\n<a href=\"http:\/\/skogobete.se\/wp-content\/uploads\/2026\/04\/Foredragningslista-ordinarie-arsmote-2026-Skog-och-Bete.pdf\" target=\"_blank\" rel=\"noopener\">F\u00f6redragningslista<\/a><br \/>\n<a href=\"https:\/\/skogobete.se\/?page_id=976\" target=\"_blank\" rel=\"noopener\">\u00c5rsredovisning och verksamhetsber\u00e4ttelse<\/a><\/p>\n<p><strong>10.45<\/strong>\u00a0 \u00a0 \u00a0 <strong>F\u00f6rs\u00e4kringsinformation<\/strong> av LF Sk\u00e5ne, Stefan Arvidsson.<\/p>\n<p><strong>11.00 -11.45\u00a0 \u00a0 \u00a0 \u00a0 F\u00f6redrag.<\/strong> <em>\u201d<\/em> <em>Stiftelsen Sk\u00e5nska Landskaps sk\u00f6tselstrategi f\u00f6r det samlande markinnehavet\u201d<\/em> Emma Sandell Festin, med flera, skoglig f\u00f6rvaltare och forskare p\u00e5 stiftelsen Sk\u00e5nska Landskap.<\/p>\n<p><strong>11.45 -12.55\u00a0 \u00a0 \u00a0 \u00a0 Lunch<\/strong> till sj\u00e4lvkostnadspris.<\/p>\n<p><strong>13.00-15.00\u00a0 \u00a0 \u00a0 \u00a0 Studiebes\u00f6k och information<\/strong> om <em>Skogforsks skogstr\u00e4dsf\u00f6r\u00e4dling p\u00e5 Ekebo<\/em> &#8211; under ledning av Thomas Kraft, programchef p\u00e5 Skogforsk, Ekebo 2250, 268 90 Sval\u00f6v\u00a0<a href=\"https:\/\/www.skogforsk.se\/kontakt\/kontor\/ekebo\/\">skogforsk.se<\/a><\/p>\n<p><strong>15.30 ca\u00a0 \u00a0 \u00a0 \u00a0 \u00a0 \u00a0 Avslut<\/strong> Skogforsk bjuder p\u00e5 kaffe.<br \/>\n<strong>Pris f\u00f6r lunch och exkursion<\/strong> \u00e4r 200 kr per deltagare. Betalas p\u00e5 m\u00f6tet direkt till Skog och Betesv\u00e5rdsf\u00f6reningen kontant eller Swish nr 123 323 22 46.<\/p>\n<p><strong>Sista anm\u00e4lningsdag den 18\/5.\u00a0<\/strong>I f\u00f6rsta hand via <a href=\"https:\/\/forms.cloud.microsoft\/e\/SRrdtZ4qj7\">anm\u00e4lningsformul\u00e4ret<\/a><\/p>\n<p>Du kan \u00e4ven anm\u00e4la dig p\u00e5 telefon nr 010-476 20 97 till Elisabet Svensson, <a href=\"mailto:elisabet.svensson@hushallningss\u00e4llskapet.se\">elisabet.svensson@hushallningss\u00e4llskapet.se<\/a><\/p>\n<p><strong>V\u00e4lkomna! <\/strong><\/p>\n<p><em>Mats Hansson, ordf\u00f6rande. <a href=\"mailto:matsivanga@gmail.com\">matsivanga@gmail.com<\/a><\/em><\/p>\n<p><strong>\u00a0<\/strong><\/p>\n<p>Sk\u00e5nes Skogs- och Betesv\u00e5rdsf\u00f6rening<br \/>\nc\/o Hush\u00e5llningss\u00e4llskapet<br \/>\nBox 9084<br \/>\n291 09 Kristianstad<\/p>\n<p>Org.nr. 846004-0705<\/p>\n","protected":false},"excerpt":{"rendered":"<p>Skogs- och Betesv\u00e5rdsf\u00f6reningen \u00e4r en ideell f\u00f6rening med skog och bete i Sk\u00e5ne som verksamhetsomr\u00e5de. L\u00e4s mer om oss genom att klicka p\u00e5 n\u00e5gon av de sex flikarna ovan. \u00c5rsm\u00f6te och exkursion Sk\u00e5nes Skogs- och Betesv\u00e5rdsf\u00f6rening h\u00e4lsar v\u00e4lkommen till \u00e5rsm\u00f6te med efterf\u00f6ljande exkursion med tema H\u00e5llbar skogsf\u00f6rvaltning Torsdagen den 28 maj kl. 9.30 &#8211; 15.30. [&hellip;]<\/p>\n","protected":false},"author":1,"featured_media":436,"parent":0,"menu_order":0,"comment_status":"closed","ping_status":"closed","template":"","meta":[],"_links":{"self":[{"href":"https:\/\/skogobete.se\/index.php?rest_route=\/wp\/v2\/pages\/2"}],"collection":[{"href":"https:\/\/skogobete.se\/index.php?rest_route=\/wp\/v2\/pages"}],"about":[{"href":"https:\/\/skogobete.se\/index.php?rest_route=\/wp\/v2\/types\/page"}],"author":[{"embeddable":true,"href":"https:\/\/skogobete.se\/index.php?rest_route=\/wp\/v2\/users\/1"}],"replies":[{"embeddable":true,"href":"https:\/\/skogobete.se\/index.php?rest_route=%2Fwp%2Fv2%2Fcomments&post=2"}],"version-history":[{"count":48,"href":"https:\/\/skogobete.se\/index.php?rest_route=\/wp\/v2\/pages\/2\/revisions"}],"predecessor-version":[{"id":991,"href":"https:\/\/skogobete.se\/index.php?rest_route=\/wp\/v2\/pages\/2\/revisions\/991"}],"wp:featuredmedia":[{"embeddable":true,"href":"https:\/\/skogobete.se\/index.php?rest_route=\/wp\/v2\/media\/436"}],"wp:attachment":[{"href":"https:\/\/skogobete.se\/index.php?rest_route=%2Fwp%2Fv2%2Fmedia&parent=2"}],"curies":[{"name":"wp","href":"https:\/\/api.w.org\/{rel}","templated":true}]}}