{"id":58,"date":"2014-11-11T23:25:17","date_gmt":"2014-11-11T22:25:17","guid":{"rendered":"http:\/\/skogobete.se\/?page_id=58"},"modified":"2014-11-11T23:32:09","modified_gmt":"2014-11-11T22:32:09","slug":"hederspriser-2004","status":"publish","type":"page","link":"https:\/\/skogobete.se\/?page_id=58","title":{"rendered":"Hederspriser 2004"},"content":{"rendered":"<p><span class=\"mellanrubrik_gul_bgr\"><span style=\"color: #67946d; font-family: Verdana, Arial, Helvetica, sans-serif;\"><strong>Motiveringar till hederspriser 2004<\/strong><\/span><\/span><\/p>\n<p class=\"mellanrubrik\"><span style=\"font-family: Verdana, Arial, Helvetica, sans-serif;\"><b>Sk\u00e5nes Skogs- och Betesv\u00e5rdsf\u00f6renings hederspris 2004<\/b><\/span><\/p>\n<p><span style=\"font-family: Verdana, Arial, Helvetica, sans-serif;\"><span class=\"table\">Styrelsen f\u00f6r Sk\u00e5nes Skogs- och Betesv\u00e5rdsf\u00f6rening har utsett \u00e4garna till fastigheten Bosarp 1:16<b>, <\/b><\/span><span class=\"table_fet\">Sten och Inga J\u00f6nsson<\/span><span class=\"table\"> som mottagare av f\u00f6reningens hederspris 2004 f\u00f6r goda insatser p\u00e5 den gemensamt \u00e4gda och brukade fastigheten Bosarp 1:16, strax norr om Glim\u00e5kra samh\u00e4lle i \u00d6stra G\u00f6inge kommun.<\/p>\n<p>Fastighetens totala areal \u00e4r 82 ha varav drygt 50 ha utg\u00f6rs av skog. \u00bc av fastigheten best\u00e5r av in\u00e4gor: \u00e5krar, \u00e4ngar och naturbeten.<\/p>\n<p>Olik\u00e5ldriga, flerskiktade l\u00f6vrika barrskogar med tydliga sp\u00e5r efter en svunnen skogsbetesepok, genomflutna av naturliga b\u00e4ckar med kvillbildningar bidrar till de h\u00f6ga naturv\u00e4rdena i flera nyckelbiotoper inom fastigheten. Med varsam hand sk\u00f6ts dessa best\u00e5nd genom plockhuggning. Genom Stens och Ingas stora och genuina intresse f\u00f6r natur och kultur finns det j\u00e4msides med produktionen utrymme f\u00f6r bevarande av fors\u00e4rlans livsmilj\u00f6 utefter b\u00e4ckarna likav\u00e4l som kn\u00e4rotens v\u00e4xtplats i barrskogen p\u00e5 de lite torrare backarna norr om g\u00e5rden.<\/p>\n<p>In\u00e4gorna rymmer b\u00e5de \u00e4ldre sl\u00e5tter\u00e4ngar och naturbetesmarker, vilka h\u00e4vdas enligt gammal modell med sl\u00e5tterbalk, lie och betesdjur. Fr\u00e5nvaron av handelsg\u00f6dsel har \u00e4ven bidragit till att bevara en mycket speciell flora och fauna.<\/p>\n<p>Carl von Friesendorff<br \/>\nF\u00f6reningens ordf\u00f6rande <\/span><\/span><span style=\"font-family: Verdana, Arial, Helvetica, sans-serif; font-size: small;\"><\/p>\n<p><\/span><\/p>\n<p><span class=\"mellanrubrik\"><span style=\"font-family: Verdana, Arial, Helvetica, sans-serif;\"><strong>Sk\u00e5nska Dagbladets hederspris 2004<\/strong><\/span><\/span><\/p>\n<p><span class=\"table\"><span style=\"font-family: Verdana, Arial, Helvetica, sans-serif;\">Styrelsen f\u00f6r Sk\u00e5nes skogs-och betesv\u00e5rdsf\u00f6rening har utsett <\/span><\/span><span class=\"table_fet\"><span style=\"font-family: Verdana, Arial, Helvetica, sans-serif;\">Stig-Lennart Sj\u00f6berg<\/span><\/span><span style=\"font-family: Verdana, Arial, Helvetica, sans-serif;\"><span class=\"table\"><b>, <\/b>Lund, till mottagare av Sk\u00e5nska dagbladets hederspris 2004. Stig-Lennart \u00e4r byr\u00e5direkt\u00f6r och arbetar som naturv\u00e5rdshandl\u00e4ggare vid Milj\u00f6enheten, Naturresursfunktionen vid L\u00e4nsstyrelsen i Sk\u00e5ne l\u00e4n.<\/span><\/span><\/p>\n<p><span style=\"font-family: Verdana, Arial, Helvetica, sans-serif;\"><span class=\"table\">Han arbetar idag huvudsakligen med tillsyn och hantering av skyddade omr\u00e5den och omr\u00e5den med h\u00f6ga naturv\u00e4rden som distriktsansvarig i Mellansk\u00e5ne. Stig-Lennart \u00e4r fr\u00e5n b\u00f6rjan folkskoll\u00e4rare, f\u00f6dd och uppvuxen i Karlskrona sk\u00e4rg\u00e5rd. Tidigt l\u00e4ste han vidare i \u00e4mnena historia och milj\u00f6v\u00e5rd vid Lunds Universitet och b\u00f6rjade p\u00e5 L\u00e4nsstyrelsen i d\u00e5varande Malm\u00f6hus l\u00e4n 1972.<\/span><\/span><\/p>\n<p><span style=\"font-family: Verdana, Arial, Helvetica, sans-serif;\"><span class=\"table\">Fram till 1996 arbetade han huvudsakligen med landskapsv\u00e5rd s\u00e5v\u00e4l i skyddade omr\u00e5den som utanf\u00f6r. Han arbetade under denna tid fram ett otal betesavtal, NOLA, i samarbete med mark\u00e4gare och andra organisationer. Kontakterna med Skogsstyrelsen var ocks\u00e5 t\u00e4ta d\u00e5 SVS med beredskapslag hade omfattande sk\u00f6tseluppdrag inom f.d. Malm\u00f6hus l\u00e4n. Stig-Lennart har d\u00e4refter arbetat med milj\u00f6st\u00f6den i det sk\u00e5nska lantbruket, inte minst med r\u00e5dgivning och utbildning till mark\u00e4garna ute i f\u00e4lt. M\u00e5ngen sk\u00e5nsk lantbrukare har deltagit i dessa mycket uppskattade kurser. Han har \u00e4ven under en tid varit engagerad i kursverksamhet f\u00f6r Landskapstekniker vid Kristianstad H\u00f6gskola.<\/span><\/span><\/p>\n<p><span style=\"font-family: Verdana, Arial, Helvetica, sans-serif;\"><span class=\"table\">Stig-Lennarts stora intresse \u00e4r historien i landskapet, att kunna koppla dagens landskap och sk\u00f6tselbehov till det historiska med hj\u00e4lp av gamla kartor och skrifter. Hans smittande entusiasm och omfattande kunskap om landskapet, dess historia och om allm\u00e4nna milj\u00f6fr\u00e5gor har gjort honom till en mycket uppskattad och omtyckt kunskapsf\u00f6rmedlare i alla kretsar, s\u00e5v\u00e4l inomhus som ute i terr\u00e4ngen d\u00e4r han verkar trivas allra b\u00e4st. Stig-Lennart har ocks\u00e5 ett stort intresse f\u00f6r tidigare anv\u00e4nda h\u00e4vdformer inom det sk\u00e5nska lantbruket och drar sig inte f\u00f6r att sj\u00e4lv testa metod och resultat.<\/span><\/span><\/p>\n<p><span style=\"font-family: Verdana, Arial, Helvetica, sans-serif;\"><span class=\"table\">Carl von Friesendorff<br \/>\nF\u00f6reningens ordf\u00f6rande <\/span><\/span><\/p>\n","protected":false},"excerpt":{"rendered":"<p>Motiveringar till hederspriser 2004 Sk\u00e5nes Skogs- och Betesv\u00e5rdsf\u00f6renings hederspris 2004 Styrelsen f\u00f6r Sk\u00e5nes Skogs- och Betesv\u00e5rdsf\u00f6rening har utsett \u00e4garna till fastigheten Bosarp 1:16, Sten och Inga J\u00f6nsson som mottagare av f\u00f6reningens hederspris 2004 f\u00f6r goda insatser p\u00e5 den gemensamt \u00e4gda och brukade fastigheten Bosarp 1:16, strax norr om Glim\u00e5kra samh\u00e4lle i \u00d6stra G\u00f6inge kommun. Fastighetens [&hellip;]<\/p>\n","protected":false},"author":1,"featured_media":0,"parent":55,"menu_order":0,"comment_status":"closed","ping_status":"closed","template":"","meta":[],"_links":{"self":[{"href":"https:\/\/skogobete.se\/index.php?rest_route=\/wp\/v2\/pages\/58"}],"collection":[{"href":"https:\/\/skogobete.se\/index.php?rest_route=\/wp\/v2\/pages"}],"about":[{"href":"https:\/\/skogobete.se\/index.php?rest_route=\/wp\/v2\/types\/page"}],"author":[{"embeddable":true,"href":"https:\/\/skogobete.se\/index.php?rest_route=\/wp\/v2\/users\/1"}],"replies":[{"embeddable":true,"href":"https:\/\/skogobete.se\/index.php?rest_route=%2Fwp%2Fv2%2Fcomments&post=58"}],"version-history":[{"count":1,"href":"https:\/\/skogobete.se\/index.php?rest_route=\/wp\/v2\/pages\/58\/revisions"}],"predecessor-version":[{"id":59,"href":"https:\/\/skogobete.se\/index.php?rest_route=\/wp\/v2\/pages\/58\/revisions\/59"}],"up":[{"embeddable":true,"href":"https:\/\/skogobete.se\/index.php?rest_route=\/wp\/v2\/pages\/55"}],"wp:attachment":[{"href":"https:\/\/skogobete.se\/index.php?rest_route=%2Fwp%2Fv2%2Fmedia&parent=58"}],"curies":[{"name":"wp","href":"https:\/\/api.w.org\/{rel}","templated":true}]}}