{"id":65,"date":"2014-11-11T23:26:56","date_gmt":"2014-11-11T22:26:56","guid":{"rendered":"http:\/\/skogobete.se\/?page_id=65"},"modified":"2014-11-11T23:32:26","modified_gmt":"2014-11-11T22:32:26","slug":"hederspriser-2007","status":"publish","type":"page","link":"https:\/\/skogobete.se\/?page_id=65","title":{"rendered":"Hederspriser 2007"},"content":{"rendered":"<p class=\"mellanrubrik\"><span style=\"font-family: Verdana, Arial, Helvetica, sans-serif;\"><b>Sk\u00e5nska Dagbladets Hederspris 2007<\/b><\/span><\/p>\n<p><span class=\"table_fet\"><span style=\"font-family: Verdana, Arial, Helvetica, sans-serif;\">Martin Olsson<\/span><\/span><span style=\"font-family: Verdana, Arial, Helvetica, sans-serif;\"><span class=\"table\">, Tofta, H\u00f6\u00f6r. Martin \u00e4r en ung ekologisk mj\u00f6lkproducent som arrenderar g\u00e5rden av sina f\u00f6r\u00e4ldrar, som fortfarande arbetar p\u00e5 g\u00e5rden som avbytare. Martin har 25-30 mj\u00f6lkkor som ligger p\u00e5 en avkastning runt 8.000 kg mj\u00f6lk, baserat p\u00e5 95-100 % hemmaproducerat foder.<\/span><\/span><\/p>\n<p class=\"table\"><span style=\"font-family: Verdana, Arial, Helvetica, sans-serif;\">Betet \u00e4r en viktig komponent i g\u00e5rdens drift. Sk\u00e5neleden g\u00e5r rakt genom Martins \u00e4ngsbeten.G\u00e5rden ligger precis utanf\u00f6r Snoger\u00f6d. Martin kombinerar naturh\u00e4nsyn, ekologi och ekonomi i en mycket bra kombination. Han \u00e4r mycket engagerad och aktiv och bedriver kurser i \u201dBondens Ekologi\u201d d\u00e4r intresserade konsumenter\/butikspersonal erbjuds en endagskurs p\u00e5 en ekologisk g\u00e5rd.Under 2005 deltog g\u00e5rden i ett projekt kring \u201dBete och ekologisk mj\u00f6lkproduktion\u201d. Av de tre g\u00e5rdar som ingick i studien hade Martin h\u00f6gt mj\u00f6lkavkastning under betess\u00e4songen, men med l\u00e4gst tillskottsutfodring. Avkastningen l\u00e5g i genomsnitt p\u00e5 25 kg mj\u00f6lk\/ko\/dag med 90 % n\u00e4ringsf\u00f6rs\u00f6rjning fr\u00e5n betet. R\u00e4knar man om detta till ekonomi var t\u00e4ckningsbidraget p\u00e5 mj\u00f6lken ca 16.000 kr per ha bete, som korna hade tillg\u00e5ng till under betess\u00e4songen.<\/span><\/p>\n<p><span class=\"table_fet\"><span style=\"font-family: Verdana, Arial, Helvetica, sans-serif;\">Martin Olsson<\/span><\/span><span style=\"font-family: Verdana, Arial, Helvetica, sans-serif;\"><span class=\"table\"> \u00e4r en v\u00e4rdig mottagare av Sk\u00e5nska Dagbladets Hederspris 2007.<\/p>\n<p>Silv\u00e5kra 2007-05-31<br \/>\nF\u00f6r Sk\u00e5nes Skogs- och Betesv\u00e5rdsf\u00f6reningCarl von Friesendorff<br \/>\nordf\u00f6rande<\/p>\n<p><\/span><\/span><span style=\"font-family: Verdana, Arial, Helvetica, sans-serif; font-size: small;\"><br \/>\n<\/span><span class=\"mellanrubrik\"><span style=\"font-family: Verdana, Arial, Helvetica, sans-serif;\"><b>Sk\u00e5nes Skogs- och Betesv\u00e5rdsf\u00f6renings Hederspris 2007<\/b><\/span><\/span><span style=\"font-family: Verdana, Arial, Helvetica, sans-serif; font-size: small;\"><\/p>\n<p><\/span><span class=\"table_fet\"><span style=\"font-family: Verdana, Arial, Helvetica, sans-serif;\">Leif Liljekvist<\/span><\/span><span class=\"table\"><span style=\"font-family: Verdana, Arial, Helvetica, sans-serif;\">, K\u00e5ger\u00f6d,<br \/>\nsom representant f\u00f6r den Sk\u00e5nske skogsarbetaren.<\/span><\/span><\/p>\n<p class=\"table\"><span style=\"font-family: Verdana, Arial, Helvetica, sans-serif;\">Leif Liljekvist b\u00f6rjade som skogsarbetare h\u00f6sten1957 vid femton \u00e5rs \u00e5lder och har nu som 65-\u00e5ring g\u00e5tt i pension. Leif har under dessa 50 \u00e5r varit knuten till skogsf\u00f6rvaltningen vid Knutstorps Gods. De senaste \u00e5ren har han d\u00e4rmed varit anst\u00e4lld vid S\u00f6der\u00e5sens Skogsf\u00f6rvaltning AB och Sk\u00e5neskogens Utvecklings AB och d\u00e4rmed under 50 \u00e5r varit delaktig i utvecklingen av skogarna p\u00e5 S\u00f6der\u00e5sen.<\/span><\/p>\n<p class=\"table\"><span style=\"font-family: Verdana, Arial, Helvetica, sans-serif;\">Det som g\u00f6r Leif Liljekvist till en mycket v\u00e4rdig representant f\u00f6r den Sk\u00e5nske skogsarbetaren \u00e4r att han under de 50 \u00e5r han varit verksam hela tiden f\u00f6ljt med arbetets utveckling. Leifs idrottsmannainst\u00e4llning har inneburit att han arbetat i ett h\u00f6gt tempo utan att till synes anstr\u00e4nga sig. Detta faktum visar p\u00e5 en oerh\u00f6rd f\u00f6rst\u00e5else f\u00f6r hur det manuella skogsarbetet skall bedrivas p\u00e5 effektivast m\u00f6jliga s\u00e4tt.<\/span><\/p>\n<p class=\"table\"><span style=\"font-family: Verdana, Arial, Helvetica, sans-serif;\">En annan sida hos Leif som utvecklats genom \u00e5ren \u00e4r hans f\u00f6rst\u00e5else f\u00f6r naturen. Leif ser direkt hur han skall l\u00e4gga upp sitt arbete s\u00e5 att han f\u00e5r hj\u00e4lp av naturens lagar samtidigt som han f\u00f6ljer dess regler.<\/span><\/p>\n<p class=\"table\"><span class=\"table_fet\"><span style=\"font-family: Verdana, Arial, Helvetica, sans-serif;\">Leif<\/span><\/span><span style=\"font-family: Verdana, Arial, Helvetica, sans-serif;\"> \u00e4r en v\u00e4rdig mottagare av Sk\u00e5nes Skogs- och Betesv\u00e5rdsf\u00f6renings Hederspris 2007.<\/p>\n<p>Silv\u00e5kra 2007-05-31<br \/>\nF\u00f6r Sk\u00e5nes Skogs- och Betesv\u00e5rdsf\u00f6rening<\/span><\/p>\n<p class=\"table\"><span style=\"font-family: Verdana, Arial, Helvetica, sans-serif;\">Carl von Friesendorff<br \/>\nordf\u00f6rande<\/span><span style=\"font-family: Verdana, Arial, Helvetica, sans-serif; font-size: small;\"><br \/>\n<\/span><\/p>\n","protected":false},"excerpt":{"rendered":"<p>Sk\u00e5nska Dagbladets Hederspris 2007 Martin Olsson, Tofta, H\u00f6\u00f6r. Martin \u00e4r en ung ekologisk mj\u00f6lkproducent som arrenderar g\u00e5rden av sina f\u00f6r\u00e4ldrar, som fortfarande arbetar p\u00e5 g\u00e5rden som avbytare. Martin har 25-30 mj\u00f6lkkor som ligger p\u00e5 en avkastning runt 8.000 kg mj\u00f6lk, baserat p\u00e5 95-100 % hemmaproducerat foder. Betet \u00e4r en viktig komponent i g\u00e5rdens drift. Sk\u00e5neleden [&hellip;]<\/p>\n","protected":false},"author":1,"featured_media":0,"parent":55,"menu_order":0,"comment_status":"closed","ping_status":"closed","template":"","meta":[],"_links":{"self":[{"href":"https:\/\/skogobete.se\/index.php?rest_route=\/wp\/v2\/pages\/65"}],"collection":[{"href":"https:\/\/skogobete.se\/index.php?rest_route=\/wp\/v2\/pages"}],"about":[{"href":"https:\/\/skogobete.se\/index.php?rest_route=\/wp\/v2\/types\/page"}],"author":[{"embeddable":true,"href":"https:\/\/skogobete.se\/index.php?rest_route=\/wp\/v2\/users\/1"}],"replies":[{"embeddable":true,"href":"https:\/\/skogobete.se\/index.php?rest_route=%2Fwp%2Fv2%2Fcomments&post=65"}],"version-history":[{"count":1,"href":"https:\/\/skogobete.se\/index.php?rest_route=\/wp\/v2\/pages\/65\/revisions"}],"predecessor-version":[{"id":66,"href":"https:\/\/skogobete.se\/index.php?rest_route=\/wp\/v2\/pages\/65\/revisions\/66"}],"up":[{"embeddable":true,"href":"https:\/\/skogobete.se\/index.php?rest_route=\/wp\/v2\/pages\/55"}],"wp:attachment":[{"href":"https:\/\/skogobete.se\/index.php?rest_route=%2Fwp%2Fv2%2Fmedia&parent=65"}],"curies":[{"name":"wp","href":"https:\/\/api.w.org\/{rel}","templated":true}]}}