{"id":660,"date":"2018-03-08T12:01:41","date_gmt":"2018-03-08T11:01:41","guid":{"rendered":"http:\/\/skogobete.se\/?page_id=660"},"modified":"2018-03-08T12:01:41","modified_gmt":"2018-03-08T11:01:41","slug":"var-historia","status":"publish","type":"page","link":"https:\/\/skogobete.se\/?page_id=660","title":{"rendered":"V\u00e5r historia"},"content":{"rendered":"<p>L\u00e4s v\u00e5r historik \u00f6ver f\u00f6reningens bildande och verksamhet mm. Den inleds med det f\u00f6redrag tidigare ordf\u00f6rande Lennart Linder-Aronson h\u00f6ll 2002. Efter anf\u00f6randet har kompletterats med vad som h\u00e4nt efter 2002.<\/p>\n<p><a href=\"http:\/\/skogobete.se\/wp-content\/uploads\/2018\/03\/F\u00f6reningens-historia.pdf\" rel=\"\">F\u00f6reningens historia<\/a><\/p>\n","protected":false},"excerpt":{"rendered":"<p>L\u00e4s v\u00e5r historik \u00f6ver f\u00f6reningens bildande och verksamhet mm. Den inleds med det f\u00f6redrag tidigare ordf\u00f6rande Lennart Linder-Aronson h\u00f6ll 2002. Efter anf\u00f6randet har kompletterats med vad som h\u00e4nt efter 2002. F\u00f6reningens historia<\/p>\n","protected":false},"author":6,"featured_media":0,"parent":0,"menu_order":0,"comment_status":"closed","ping_status":"closed","template":"","meta":[],"_links":{"self":[{"href":"https:\/\/skogobete.se\/index.php?rest_route=\/wp\/v2\/pages\/660"}],"collection":[{"href":"https:\/\/skogobete.se\/index.php?rest_route=\/wp\/v2\/pages"}],"about":[{"href":"https:\/\/skogobete.se\/index.php?rest_route=\/wp\/v2\/types\/page"}],"author":[{"embeddable":true,"href":"https:\/\/skogobete.se\/index.php?rest_route=\/wp\/v2\/users\/6"}],"replies":[{"embeddable":true,"href":"https:\/\/skogobete.se\/index.php?rest_route=%2Fwp%2Fv2%2Fcomments&post=660"}],"version-history":[{"count":1,"href":"https:\/\/skogobete.se\/index.php?rest_route=\/wp\/v2\/pages\/660\/revisions"}],"predecessor-version":[{"id":663,"href":"https:\/\/skogobete.se\/index.php?rest_route=\/wp\/v2\/pages\/660\/revisions\/663"}],"wp:attachment":[{"href":"https:\/\/skogobete.se\/index.php?rest_route=%2Fwp%2Fv2%2Fmedia&parent=660"}],"curies":[{"name":"wp","href":"https:\/\/api.w.org\/{rel}","templated":true}]}}