{"id":825,"date":"2023-05-23T08:52:45","date_gmt":"2023-05-23T06:52:45","guid":{"rendered":"http:\/\/skogobete.se\/?page_id=825"},"modified":"2025-05-16T08:33:48","modified_gmt":"2025-05-16T06:33:48","slug":"hederspriser-2021","status":"publish","type":"page","link":"https:\/\/skogobete.se\/?page_id=825","title":{"rendered":"Hederspriser 2021"},"content":{"rendered":"\n<h2>Sk\u00e5nes Skogs- och Betesv\u00e5rdsf\u00f6renings hederspris\u00a02021<\/h2>\n\n\n\n<p>tilldelas<\/p>\n\n\n\n<p><strong>Katarina Brunnstr\u00f6m, Skeinge s\u00e4teri<\/strong><\/p>\n\n\n\n<p>Katarina Brunnstr\u00f6m \u00e4ger och driver Skeinge s\u00e4teri, strax s\u00f6der om Osby i den vackra G\u00f6ingebygden.<\/p>\n\n\n\n<p>G\u00e5rden som \u00e4r fr\u00e5n 1600-talet ligger vackert med sitt corps de logi och tv\u00e5 flyglar p\u00e5 en liten h\u00f6jd med utsikt \u00f6ver Skeingeborg fr\u00e5n 1100-talet och Skeingesj\u00f6n som grannar.<\/p>\n\n\n\n<p>Till g\u00e5rden h\u00f6r ca 600 ha produktiv skog som till st\u00f6rsta delen best\u00e5r av gran, som trivs p\u00e5 dessa b\u00f6rdiga och f\u00f6r gran l\u00e4mpliga marker. Katarina satsar \u00e4ven p\u00e5 att gallra fram ek och annat l\u00f6v intill husen samt l\u00e4ngs v\u00e4garna runt g\u00e5rden. Den omfattande branden p\u00e5 \u00c5buamossen i april 2019 tog ca 32 ha av g\u00e5rden skog, fr\u00e4mst granplanteringar i olika \u00e5ldrar. Katarina valde att satsa \u00e4nnu mer p\u00e5 l\u00f6v n\u00e4r de drabbade omr\u00e5dena skulle \u00e5terplanteras.<\/p>\n\n\n\n<p>Katarina som \u00e4r v\u00e4ldigt driftig och fram\u00e5t valde 2020 att \u00e5terskapa 8 ha gammal mossodling genom att \u00e5terv\u00e4ta omr\u00e5det med hj\u00e4lp av att plugga och reglera diken. Detta ha blivit popul\u00e4rt under senare tid, men hon var f\u00f6reg\u00e5ngare med detta.<\/p>\n\n\n\n<p>Utbildning och n\u00e4tverkande har hela tiden legat henne varmt om hj\u00e4rtat. Som medlem och tongivande inom bl.a. Spillkr\u00e5korna har hon anordnat ett flertal motors\u00e5gs- och r\u00f6jningskurser p\u00e5 g\u00e5rden. \u00c4ven j\u00e4garexamen har st\u00e5tt p\u00e5 programmet.<\/p>\n\n\n\n<p>Katarina \u00e4r en v\u00e4l v\u00e4rdig mottagare av Sk\u00e5nes Skogs- och Betesv\u00e5rdsf\u00f6reningens pris 2021.<\/p>\n\n\n\n<h2>Pristagare Sk\u00e5nska Dagbladets hederspris 2021<\/h2>\n\n\n\n<p>tilldelas<\/p>\n\n\n\n<p><strong>Johan Barnekow,<\/strong> <strong> Sinclairsholm<\/strong><\/p>\n\n\n\n<p>Johan Barnekow \u00e4r en fullfj\u00e4drad entrepren\u00f6r som hela tiden s\u00f6ker nya grenar att utveckla verksamheten p\u00e5 det anrika godset Sinclairsholm. <a href=\"https:\/\/www.sinclairsholm.se\/\">https:\/\/www.sinclairsholm.se\/<\/a><\/p>\n\n\n\n<p>Det kan handla om vitt skilda omr\u00e5den som slitdelar till jordbruksmaskiner eller att s\u00e4lja n\u00e4rodlad sparris p\u00e5 torget i H\u00e4ssleholm.<\/p>\n\n\n\n<p>Detta pris motiveras av Johans satsning p\u00e5 den sk\u00e5nska skogsr\u00e5varan. Genom att f\u00f6r\u00e4dla virket till v\u00e4rdefulla produkter lyfter han fram v\u00e4rdet av v\u00e5ra blandskogar med \u00e4dell\u00f6v. V\u00e5ra sk\u00e5nska ekar tillh\u00f6r v\u00e4rldseliten f\u00f6rklarar han och betalar bra vid ink\u00f6p. Allt fler skogs\u00e4gare inser detta och b\u00f6rjar sk\u00f6ta och utveckla sina l\u00f6vskogar.<\/p>\n\n\n\n<p>Gener\u00f6st tipsar han ocks\u00e5 sina kunder om att det finns fler lokala sm\u00e5skaliga f\u00f6retag som g\u00f6r produkter av sk\u00e5nsk ek, ask och fura. D\u00e4rmed kan den positiva spiralen f\u00f6rst\u00e4rkas ytterligare: \u00d6kande virkespriser, \u00f6kat intresse, b\u00e4ttre skogssk\u00f6tsel.<\/p>\n\n\n\n<p>Johan Barnekow \u00e4r en ovanligt v\u00e4rdig mottagare av Sk\u00e5nska Dagbladets hederspris vid Sk\u00e5nes Skogs- och Betesv\u00e5rdsf\u00f6rening \u00e5rsm\u00f6te 2021-09-14.<\/p>\n","protected":false},"excerpt":{"rendered":"<p>Sk\u00e5nes Skogs- och Betesv\u00e5rdsf\u00f6renings hederspris\u00a02021 tilldelas Katarina Brunnstr\u00f6m, Skeinge s\u00e4teri Katarina Brunnstr\u00f6m \u00e4ger och driver Skeinge s\u00e4teri, strax s\u00f6der om Osby i den vackra G\u00f6ingebygden. G\u00e5rden som \u00e4r fr\u00e5n 1600-talet ligger vackert med sitt corps de logi och tv\u00e5 flyglar p\u00e5 en liten h\u00f6jd med utsikt \u00f6ver Skeingeborg fr\u00e5n 1100-talet och Skeingesj\u00f6n som grannar. Till [&hellip;]<\/p>\n","protected":false},"author":6,"featured_media":0,"parent":55,"menu_order":0,"comment_status":"closed","ping_status":"closed","template":"","meta":[],"_links":{"self":[{"href":"https:\/\/skogobete.se\/index.php?rest_route=\/wp\/v2\/pages\/825"}],"collection":[{"href":"https:\/\/skogobete.se\/index.php?rest_route=\/wp\/v2\/pages"}],"about":[{"href":"https:\/\/skogobete.se\/index.php?rest_route=\/wp\/v2\/types\/page"}],"author":[{"embeddable":true,"href":"https:\/\/skogobete.se\/index.php?rest_route=\/wp\/v2\/users\/6"}],"replies":[{"embeddable":true,"href":"https:\/\/skogobete.se\/index.php?rest_route=%2Fwp%2Fv2%2Fcomments&post=825"}],"version-history":[{"count":1,"href":"https:\/\/skogobete.se\/index.php?rest_route=\/wp\/v2\/pages\/825\/revisions"}],"predecessor-version":[{"id":828,"href":"https:\/\/skogobete.se\/index.php?rest_route=\/wp\/v2\/pages\/825\/revisions\/828"}],"up":[{"embeddable":true,"href":"https:\/\/skogobete.se\/index.php?rest_route=\/wp\/v2\/pages\/55"}],"wp:attachment":[{"href":"https:\/\/skogobete.se\/index.php?rest_route=%2Fwp%2Fv2%2Fmedia&parent=825"}],"curies":[{"name":"wp","href":"https:\/\/api.w.org\/{rel}","templated":true}]}}